{"id":78,"date":"2024-10-06T08:01:31","date_gmt":"2024-10-06T08:01:31","guid":{"rendered":"http:\/\/192.168.1.2\/?page_id=78"},"modified":"2024-10-06T09:28:37","modified_gmt":"2024-10-06T09:28:37","slug":"publications","status":"publish","type":"page","link":"https:\/\/droidintelligence.eu\/?page_id=78","title":{"rendered":"Publications"},"content":{"rendered":"\n<h2 class=\"wp-block-heading\">Books &amp; Book Chapters<\/h2>\n\n\n\n<ol class=\"wp-block-list\">\n<li>C. Seiculescu, S. Murali, L. Benini, and G. De Micheli.<strong>\u00a0\u201c3D Network on Chip Topology Synthesis: Designing Custom Topologies for Chip Stacks\u201d<\/strong>. Book chapter in: \u201c3D Integration for NoC-based SoC Architectures\u201d by Abbas Sheibanyrad, Axel Janstch, and Frederic Petrot, Springer 2011.<\/li>\n\n\n\n<li>C. Seiculescu, S. Murali, L. Benini, and G. De Micheli. \u201c<strong>Design and Analysis of NoCs for Low Power 2D and 3D SoCs<\/strong>\u201d.Book chapter in: \u201cLow Power Networks-on-Chip\u201d by Cristina Silvano,\u00a0Marcello Lajolo\u00a0and\u00a0Gianluca Palermo<\/li>\n\n\n\n<li>C. Seiculescu<strong>, \u201cDesign Framework and Methodology for Synthesis of Networks-On-Chip\u201d,\u00a0<\/strong>VDM Verlag, EAN: 9783639241655, ISBN: 3639241657<\/li>\n<\/ol>\n\n\n\n<h2 class=\"wp-block-heading\">Journal<\/h2>\n\n\n\n<ol class=\"wp-block-list\">\n<li>C. Seiculescu, S. Murali, L. Benini, and G. De Micheli. \u201c<strong>SunFloor 3D: A Tool for Networks on Chip Topology Synthesis for 3D Systems on Chip\u201d.<\/strong>\u00a0IEEE Transactions on Computer-Aided Design of Integrated Circuits and Systems, Volume: 29, Issue: 12, Publication Year: 2010 , Page(s): 1987- 2000<\/li>\n\n\n\n<li>C. Seiculescu, S. Murali, L. Benini, and G. De Micheli. \u201c<strong>Comparative Analysis of NoCs for Two-Dimensional Versus Three-Dimensional SoCs Supporting Multiple Voltage and Frequency Islands\u201d<\/strong>.\u00a0<em>IEEE Transactions on Circuits and Systems II: Express Briefs<\/em>, 57(5):364 \u2013 368, 2010.<\/li>\n\n\n\n<li>C. Seiculescu, D. Rahmati, S. Murali, L. Benini, G. De Micheli and H. Sarbazi-Azad. \u201c<strong>Desining Best Effort NoCs to Meet Hard Latency Constraints\u201d<\/strong>, ACM Transactions on Embedded Computers and Systems (TECS)<a href=\"https:\/\/www.google.com\/url?q=https%3A%2F%2Fdblp.org%2Fdb%2Fjournals%2Ftecs%2Ftecs12.html%23SeiculescuRMSBM13&amp;sa=D&amp;sntz=1&amp;usg=AFQjCNG7NQnc7N2r9TRm9iqqz8J4lgV0Xw\" target=\"_blank\" rel=\"noreferrer noopener\">12(4)<\/a>: 108:1-108:23 (2013)<\/li>\n\n\n\n<li>Ciprian Seiculescu, Ioan Lie, Aurel Gontean,\u00a0<strong>\u201cPWM encoding method for wireless communication in sensor networks\u201d<\/strong>, WSEAS TRANSACTIONS on CIRCUITS AND SYSTEMS 2008.<\/li>\n<\/ol>\n\n\n\n<h2 class=\"wp-block-heading\">Conference &amp; Workshop<\/h2>\n\n\n\n<ol class=\"wp-block-list\">\n<li>Shashikanth Bobba, Pierre-Emmanuel Gaillardon, Ciprian Seiculescu, Vasilis F. Pavlidis, Giovanni De Micheli:\u00a0<strong>\u201c3.5-D integration: A case study\u201d<\/strong>. ISCAS 2013: 2087-2090<\/li>\n\n\n\n<li>C. Seiculescu, L. Benini, and G. De Micheli. \u201c<strong>A Distributed Interleaving Scheme for Efficient Access to WideIO DRAM Memory<\/strong>\u201d, CODES+ISSS\u201912, October 7-12, 2012, Tampere, Finland.<\/li>\n\n\n\n<li>Volos, S. Seiculescu, C. ; Grot, B. ; Pour, N.K. ; Falsafi, B. ; De Micheli, G.\u00a0<strong>\u201cCCNoC: Specializing On-Chip Interconnects for Energy Efficiency in Cache-Coherent Servers\u201d,\u00a0<\/strong>Sixth IEEE\/ACM International Symposium on Networks on Chip (NoCS), 2012<\/li>\n\n\n\n<li>C. Seiculescu, S. Murali, L. Benini, and G. De Micheli.<strong>\u00a0\u201cA DRAM Centric NoC Architecture and Topology Design Approach\u201d<\/strong>, ISVLSI 2011<\/li>\n\n\n\n<li>C. Seiculescu, S. Volos, N. Khosro Pour, B. Falsafi, G. De Micheli.<strong>\u201cCCNoC: On-Chip Interconnects for Cache-Coherent Manycore Server Chips\u201d<\/strong>, WEED 2011<\/li>\n\n\n\n<li>Giovanni De Micheli, Ciprian Seiculescu, Srinivasan Murali, Luca Benini, Federico Angiolini, Antonio Pullini: \u201c<strong>Networks on Chips: from research to products\u201d.<\/strong>\u00a0DAC 2010: 300-305<\/li>\n\n\n\n<li>C. Seiculescu, S. Murali, L. Benini, and G. De Micheli. \u201c<strong>A Method to Remove Deadlocks in Networks-on-Chips with Wormhole Flow Control\u201d<\/strong>. In\u00a0<em>DATE 2010<\/em>, 2010<\/li>\n\n\n\n<li>Mohammad Reza Kakoee, Federico Angiolini, Srinivasan Murali, Antonio Pullini, Ciprian Seiculescu, Luca Benini: \u201c<strong>A floorplan-aware interactive tool flow for NoC design and synthesis\u201d.<\/strong>\u00a0SoCC 2009: 379-382<\/li>\n\n\n\n<li>C. Seiculescu, S. Murali, L. Benini, and G. De Micheli. \u201c<strong>NoC Topology Synthesis for Supporting Shutdown of Voltage Islands in SoCs\u201d<\/strong>. In\u00a0<em>DAC 2009<\/em>, pages 822-825, 2009.<\/li>\n\n\n\n<li>Ciprian Seiculescu, Srinivasan Murali, Luca Benini, Giovanni De Micheli: \u201c<strong>SunFloor 3D: A tool for Networks On Chip topology synthesis for 3D systems on chips\u201d<\/strong>. DATE 2009: 9-14<\/li>\n\n\n\n<li>S. Murali, C. Seiculescu, L. Benini, and G. De Micheli. \u201c<strong>Synthesis of Networks on Chips for 3D Systems on Chips\u201d<\/strong>. In\u00a0<em>Asian and South Pacific Design Automation Conference, ASPDAC 2009<\/em>, pages 242-247, 2009.<\/li>\n\n\n\n<li>Ciprian Seiculescu, Ioan Lie, Aurel Gontean,\u00a0<strong>\u201cWireless Communication Techniques for Home Automation Sensors\u201d<\/strong>, 6th WSEAS Int. Conference on Computational Intelligence, Man-Machine Systems and Cybernetics, Tenerife, Spain, December 14-16, 2007<\/li>\n<\/ol>\n\n\n\n<h2 class=\"wp-block-heading\">PhD Thesis<\/h2>\n\n\n\n<p><strong>Design Methods and Tools for Application-Specific Predictable Networks-on-Chip\u00a0<\/strong>TH\u00c8SE NO\u00a05407 (2012) \u00c9COLE POLYTECHNIQUE F\u00c9D\u00c9RALE DE LAUSANNE<\/p>\n\n\n\n<h2 class=\"wp-block-heading\">Patents<\/h2>\n\n\n\n<ol class=\"wp-block-list\">\n<li>Apparatus and Method for Recording Data Associated with a Vehicle 16709364.0-1953<\/li>\n\n\n\n<li>Method and Device for Detecting a Braking Application of a Vehicle 15465562.5-1901<\/li>\n<\/ol>\n\n\n\n<p><\/p>\n","protected":false},"excerpt":{"rendered":"<p>Books &amp; Book Chapters Journal Conference &amp; Workshop PhD Thesis Design Methods and Tools for Application-Specific Predictable Networks-on-Chip\u00a0TH\u00c8SE NO\u00a05407 (2012) [&hellip;]<\/p>\n","protected":false},"author":1,"featured_media":0,"parent":74,"menu_order":0,"comment_status":"closed","ping_status":"closed","template":"","meta":{"site-sidebar-layout":"default","site-content-layout":"","ast-site-content-layout":"","site-content-style":"default","site-sidebar-style":"default","ast-global-header-display":"","ast-banner-title-visibility":"","ast-main-header-display":"","ast-hfb-above-header-display":"","ast-hfb-below-header-display":"","ast-hfb-mobile-header-display":"","site-post-title":"","ast-breadcrumbs-content":"","ast-featured-img":"","footer-sml-layout":"","theme-transparent-header-meta":"","adv-header-id-meta":"","stick-header-meta":"","header-above-stick-meta":"","header-main-stick-meta":"","header-below-stick-meta":"","astra-migrate-meta-layouts":"default","ast-page-background-enabled":"default","ast-page-background-meta":{"desktop":{"background-color":"var(--ast-global-color-4)","background-image":"","background-repeat":"repeat","background-position":"center center","background-size":"auto","background-attachment":"scroll","background-type":"","background-media":"","overlay-type":"","overlay-color":"","overlay-opacity":"","overlay-gradient":""},"tablet":{"background-color":"","background-image":"","background-repeat":"repeat","background-position":"center center","background-size":"auto","background-attachment":"scroll","background-type":"","background-media":"","overlay-type":"","overlay-color":"","overlay-opacity":"","overlay-gradient":""},"mobile":{"background-color":"","background-image":"","background-repeat":"repeat","background-position":"center center","background-size":"auto","background-attachment":"scroll","background-type":"","background-media":"","overlay-type":"","overlay-color":"","overlay-opacity":"","overlay-gradient":""}},"ast-content-background-meta":{"desktop":{"background-color":"var(--ast-global-color-5)","background-image":"","background-repeat":"repeat","background-position":"center center","background-size":"auto","background-attachment":"scroll","background-type":"","background-media":"","overlay-type":"","overlay-color":"","overlay-opacity":"","overlay-gradient":""},"tablet":{"background-color":"var(--ast-global-color-5)","background-image":"","background-repeat":"repeat","background-position":"center center","background-size":"auto","background-attachment":"scroll","background-type":"","background-media":"","overlay-type":"","overlay-color":"","overlay-opacity":"","overlay-gradient":""},"mobile":{"background-color":"var(--ast-global-color-5)","background-image":"","background-repeat":"repeat","background-position":"center center","background-size":"auto","background-attachment":"scroll","background-type":"","background-media":"","overlay-type":"","overlay-color":"","overlay-opacity":"","overlay-gradient":""}},"footnotes":""},"class_list":["post-78","page","type-page","status-publish","hentry"],"yoast_head":"<!-- This site is optimized with the Yoast SEO plugin v23.6 - https:\/\/yoast.com\/wordpress\/plugins\/seo\/ -->\n<title>Publications - Droid Intelligence S.R.L.<\/title>\n<meta name=\"robots\" content=\"index, follow, max-snippet:-1, max-image-preview:large, max-video-preview:-1\" \/>\n<link rel=\"canonical\" href=\"https:\/\/droidintelligence.eu\/?page_id=78\" \/>\n<meta property=\"og:locale\" content=\"en_US\" \/>\n<meta property=\"og:type\" content=\"article\" \/>\n<meta property=\"og:title\" content=\"Publications - Droid Intelligence S.R.L.\" \/>\n<meta property=\"og:description\" content=\"Books &amp; Book Chapters Journal Conference &amp; Workshop PhD Thesis Design Methods and Tools for Application-Specific Predictable Networks-on-Chip\u00a0TH\u00c8SE NO\u00a05407 (2012) [&hellip;]\" \/>\n<meta property=\"og:url\" content=\"https:\/\/droidintelligence.eu\/?page_id=78\" \/>\n<meta property=\"og:site_name\" content=\"Droid Intelligence S.R.L.\" \/>\n<meta property=\"article:modified_time\" content=\"2024-10-06T09:28:37+00:00\" \/>\n<meta name=\"twitter:card\" content=\"summary_large_image\" \/>\n<meta name=\"twitter:label1\" content=\"Est. reading time\" \/>\n\t<meta name=\"twitter:data1\" content=\"3 minutes\" \/>\n<script type=\"application\/ld+json\" class=\"yoast-schema-graph\">{\"@context\":\"https:\/\/schema.org\",\"@graph\":[{\"@type\":\"WebPage\",\"@id\":\"https:\/\/droidintelligence.eu\/?page_id=78\",\"url\":\"https:\/\/droidintelligence.eu\/?page_id=78\",\"name\":\"Publications - Droid Intelligence S.R.L.\",\"isPartOf\":{\"@id\":\"https:\/\/droidintelligence.eu\/#website\"},\"datePublished\":\"2024-10-06T08:01:31+00:00\",\"dateModified\":\"2024-10-06T09:28:37+00:00\",\"breadcrumb\":{\"@id\":\"https:\/\/droidintelligence.eu\/?page_id=78#breadcrumb\"},\"inLanguage\":\"en-US\",\"potentialAction\":[{\"@type\":\"ReadAction\",\"target\":[\"https:\/\/droidintelligence.eu\/?page_id=78\"]}]},{\"@type\":\"BreadcrumbList\",\"@id\":\"https:\/\/droidintelligence.eu\/?page_id=78#breadcrumb\",\"itemListElement\":[{\"@type\":\"ListItem\",\"position\":1,\"name\":\"Home\",\"item\":\"https:\/\/droidintelligence.eu\/\"},{\"@type\":\"ListItem\",\"position\":2,\"name\":\"About\",\"item\":\"https:\/\/droidintelligence.eu\/?page_id=35\"},{\"@type\":\"ListItem\",\"position\":3,\"name\":\"Founder\",\"item\":\"https:\/\/droidintelligence.eu\/?page_id=74\"},{\"@type\":\"ListItem\",\"position\":4,\"name\":\"Publications\"}]},{\"@type\":\"WebSite\",\"@id\":\"https:\/\/droidintelligence.eu\/#website\",\"url\":\"https:\/\/droidintelligence.eu\/\",\"name\":\"Droid Intelligence S.R.L.\",\"description\":\"Droid Intelligence S.R.L. website\",\"publisher\":{\"@id\":\"https:\/\/droidintelligence.eu\/#organization\"},\"potentialAction\":[{\"@type\":\"SearchAction\",\"target\":{\"@type\":\"EntryPoint\",\"urlTemplate\":\"https:\/\/droidintelligence.eu\/?s={search_term_string}\"},\"query-input\":{\"@type\":\"PropertyValueSpecification\",\"valueRequired\":true,\"valueName\":\"search_term_string\"}}],\"inLanguage\":\"en-US\"},{\"@type\":\"Organization\",\"@id\":\"https:\/\/droidintelligence.eu\/#organization\",\"name\":\"Droid Intelligence S.R.L.\",\"url\":\"https:\/\/droidintelligence.eu\/\",\"logo\":{\"@type\":\"ImageObject\",\"inLanguage\":\"en-US\",\"@id\":\"https:\/\/droidintelligence.eu\/#\/schema\/logo\/image\/\",\"url\":\"https:\/\/droidintelligence.eu\/wp-content\/uploads\/2024\/09\/droid.png\",\"contentUrl\":\"https:\/\/droidintelligence.eu\/wp-content\/uploads\/2024\/09\/droid.png\",\"width\":917,\"height\":874,\"caption\":\"Droid Intelligence S.R.L.\"},\"image\":{\"@id\":\"https:\/\/droidintelligence.eu\/#\/schema\/logo\/image\/\"}}]}<\/script>\n<!-- \/ Yoast SEO plugin. -->","yoast_head_json":{"title":"Publications - Droid Intelligence S.R.L.","robots":{"index":"index","follow":"follow","max-snippet":"max-snippet:-1","max-image-preview":"max-image-preview:large","max-video-preview":"max-video-preview:-1"},"canonical":"https:\/\/droidintelligence.eu\/?page_id=78","og_locale":"en_US","og_type":"article","og_title":"Publications - Droid Intelligence S.R.L.","og_description":"Books &amp; Book Chapters Journal Conference &amp; Workshop PhD Thesis Design Methods and Tools for Application-Specific Predictable Networks-on-Chip\u00a0TH\u00c8SE NO\u00a05407 (2012) [&hellip;]","og_url":"https:\/\/droidintelligence.eu\/?page_id=78","og_site_name":"Droid Intelligence S.R.L.","article_modified_time":"2024-10-06T09:28:37+00:00","twitter_card":"summary_large_image","twitter_misc":{"Est. reading time":"3 minutes"},"schema":{"@context":"https:\/\/schema.org","@graph":[{"@type":"WebPage","@id":"https:\/\/droidintelligence.eu\/?page_id=78","url":"https:\/\/droidintelligence.eu\/?page_id=78","name":"Publications - Droid Intelligence S.R.L.","isPartOf":{"@id":"https:\/\/droidintelligence.eu\/#website"},"datePublished":"2024-10-06T08:01:31+00:00","dateModified":"2024-10-06T09:28:37+00:00","breadcrumb":{"@id":"https:\/\/droidintelligence.eu\/?page_id=78#breadcrumb"},"inLanguage":"en-US","potentialAction":[{"@type":"ReadAction","target":["https:\/\/droidintelligence.eu\/?page_id=78"]}]},{"@type":"BreadcrumbList","@id":"https:\/\/droidintelligence.eu\/?page_id=78#breadcrumb","itemListElement":[{"@type":"ListItem","position":1,"name":"Home","item":"https:\/\/droidintelligence.eu\/"},{"@type":"ListItem","position":2,"name":"About","item":"https:\/\/droidintelligence.eu\/?page_id=35"},{"@type":"ListItem","position":3,"name":"Founder","item":"https:\/\/droidintelligence.eu\/?page_id=74"},{"@type":"ListItem","position":4,"name":"Publications"}]},{"@type":"WebSite","@id":"https:\/\/droidintelligence.eu\/#website","url":"https:\/\/droidintelligence.eu\/","name":"Droid Intelligence S.R.L.","description":"Droid Intelligence S.R.L. website","publisher":{"@id":"https:\/\/droidintelligence.eu\/#organization"},"potentialAction":[{"@type":"SearchAction","target":{"@type":"EntryPoint","urlTemplate":"https:\/\/droidintelligence.eu\/?s={search_term_string}"},"query-input":{"@type":"PropertyValueSpecification","valueRequired":true,"valueName":"search_term_string"}}],"inLanguage":"en-US"},{"@type":"Organization","@id":"https:\/\/droidintelligence.eu\/#organization","name":"Droid Intelligence S.R.L.","url":"https:\/\/droidintelligence.eu\/","logo":{"@type":"ImageObject","inLanguage":"en-US","@id":"https:\/\/droidintelligence.eu\/#\/schema\/logo\/image\/","url":"https:\/\/droidintelligence.eu\/wp-content\/uploads\/2024\/09\/droid.png","contentUrl":"https:\/\/droidintelligence.eu\/wp-content\/uploads\/2024\/09\/droid.png","width":917,"height":874,"caption":"Droid Intelligence S.R.L."},"image":{"@id":"https:\/\/droidintelligence.eu\/#\/schema\/logo\/image\/"}}]}},"_links":{"self":[{"href":"https:\/\/droidintelligence.eu\/index.php?rest_route=\/wp\/v2\/pages\/78","targetHints":{"allow":["GET"]}}],"collection":[{"href":"https:\/\/droidintelligence.eu\/index.php?rest_route=\/wp\/v2\/pages"}],"about":[{"href":"https:\/\/droidintelligence.eu\/index.php?rest_route=\/wp\/v2\/types\/page"}],"author":[{"embeddable":true,"href":"https:\/\/droidintelligence.eu\/index.php?rest_route=\/wp\/v2\/users\/1"}],"replies":[{"embeddable":true,"href":"https:\/\/droidintelligence.eu\/index.php?rest_route=%2Fwp%2Fv2%2Fcomments&post=78"}],"version-history":[{"count":3,"href":"https:\/\/droidintelligence.eu\/index.php?rest_route=\/wp\/v2\/pages\/78\/revisions"}],"predecessor-version":[{"id":116,"href":"https:\/\/droidintelligence.eu\/index.php?rest_route=\/wp\/v2\/pages\/78\/revisions\/116"}],"up":[{"embeddable":true,"href":"https:\/\/droidintelligence.eu\/index.php?rest_route=\/wp\/v2\/pages\/74"}],"wp:attachment":[{"href":"https:\/\/droidintelligence.eu\/index.php?rest_route=%2Fwp%2Fv2%2Fmedia&parent=78"}],"curies":[{"name":"wp","href":"https:\/\/api.w.org\/{rel}","templated":true}]}}